
10
What is the remainder when 32839 is divided by 513?
7
What is the remainder when 6601 is divided by 54?
13
What is the remainder when 556 is divided by 464?
92
Calculate the remainder when 11121 is divided by 618.
615
What is the remainder when 35387 is divided by 17586?
215
Calculate the remainder when 57349 is divided by 610.
9
Calculate the remainder when 84508 is divided by 42251.
6
What is the remainder when 5861 is divided by 143?
141
Calculate the remainder when 24071 is divided by 12035.
1
Calculate the remainder when 218496 is divided by 500.
496
Calculate the remainder when 390038 is divided by 179.
176
What is the remainder when 12348 is divided by 59?
17
Calculate the remainder when 4000 is divided by 406.
346
Calculate the remainder when 22393 is divided by 2035.
8
Calculate the remainder when 2535 is divided by 309.
63
Calculate the remainder when 4503 is divided by 161.
156
What is the remainder when 6398 is divided by 41?
2
Calculate the remainder when 93917 is divided by 51.
26
What is the remainder when 733259 is divided by 1017?
2
What is the remainder when 193925 is divided by 43?
38
What is the remainder when 278961 is divided by 368?
17
What is the remainder when 4499 is divided by 105?
89
Calculate the remainder when 8897 is divided by 8871.
26
What is the remainder when 29617 is divided by 7398?
25
What is the remainder when 6481 is divided by 6464?
17
What is the remainder when 73 is divided by 70?
3
What is the remainder when 49028 is divided by 35?
28
Calculate the remainder when 14030 is divided by 9.
8
What is the remainder when 3432076 is divided by 1337?
1334
What is the remainder when 1770 is divided by 1671?
99
What is the remainder when 1476 is divided by 474?
54
Calculate the remainder when 64397 is divided by 3.
2
What is the remainder when 557164 is divided by 24224?
12
What is the remainder when 13280 is divided by 73?
67
What is the remainder when 66525 is divided by 33?
30
What is the remainder when 5527619 is divided by 113?
111
What is the remainder when 140542 is divided by 147?
10
What is the remainder when 39213 is divided by 288?
45
Calculate the remainder when 2773 is divided by 111.
109
What is the remainder when 26543 is divided by 110?
33
What is the remainder when 11129 is divided by 35?
34
What is the remainder when 335 is divided by 191?
144
What is the remainder when 18011 is divided by 1499?
23
What is the remainder when 307955 is divided by 447?
419
Calculate the remainder when 100821 is divided by 20149.
76
Calculate the remainder when 2316 is divided by 1176.
1140
Calculate the remainder when 30148 is divided by 201.
199
What is the remainder when 4801678 is divided by 780?
778
Calculate the remainder when 111170 is divided by 218.
208
Calculate the remainder when 16468 is divided by 27.
25
Calculate the remainder when 43709 is divided by 14485.
254
Calculate the remainder when 112993 is divided by 242.
221
Calculate the remainder when 925 is divided by 607.
318
Calculate the remainder when 313942 is divided by 37.
34
What is the remainder when 13599 is divided by 590?
29
Calculate the remainder when 13322 is divided by 284.
258
What is the remainder when 3141 is divided by 347?
18
What is the remainder when 60337 is divided by 120?
97
What is the remainder when 81998 is divided by 451?
367
Calculate the remainder when 2147 is divided by 139.
62
Calculate the remainder when 7089 is divided by 644.
5
What is the remainder when 3787 is divided by 907?
159
Calculate the remainder when 5900 is divided by 380.
200
What is the remainder when 26318 is divided by 821?
46
Calculate the remainder when 1303 is divided by 1234.
69
What is the remainder when 121390 is divided by 332?
210
Calculate the remainder when 1169 is divided by 866.
303
Calculate the remainder when 1592 is divided by 239.
158
Calculate the remainder when 8467 is divided by 206.
21
What is the remainder when 6932 is divided by 1729?
16
What is the remainder when 6277 is divided by 418?
7
Calculate the remainder when 4202 is divided by 44.
22
Calculate the remainder when 2824483 is divided by 377.
376
Calculate the remainder when 17626 is divided by 735.
721
What is the remainder when 3205342 is divided by 1038?
1036
What is the remainder when 5142 is divided by 62?
58
What is the remainder when 4250 is divided by 199?
71
Calculate the remainder when 6151 is divided by 178.
99
Calculate the remainder when 2244 is divided by 1073.
98
Calculate the remainder when 6337657 is divided by 892.
889
Calculate the remainder when 8347 is divided by 84.
31
What is the remainder when 1387 is divided by 345?
7
What is the remainder when 670 is divided by 14?
12
What is the remainder when 13574 is divided by 3?
2
Calculate the remainder when 7678 is divided by 30.
28
Calculate the remainder when 203681 is divided by 7.
2
What is the remainder when 28811 is divided by 451?
398
What is the remainder when 11746 is divided by 58?
30
What is the remainder when 173 is divided by 78?
17
Calculate the remainder when 99192 is divided by 297.
291
What is the remainder when 26239 is divided by 41?
40
Calculate the remainder when 2932 is divided by 499.
437
What is the remainder when 118 is divided by 64?
54
What is the remainder when 117989 is divided by 29489?
33
What is the remainder when 285 is divided by 138?
9
Calculate the remainder when 266246 is divided by 640.
6
What is the remainder when 122634 is divided by 30642?
66
Calculate the remainder when 31621 is divided by 1675.
1471
What is the remainder when 15068 is divided by 142?
16
What is the remainder when 13674 is divided by 207?
12
Calculate the remainder when 94727 is divided by 787.
287
Calculate the remainder when 6773 is divided by 23.
11
Calculate the remainder when 5035 is divided by 416.
43
Calculate the remainder when 8551 is divided by 569.
16
What is the remainder when 779 is divided by 153?
14
Calculate the remainder when 100827 is divided by 10.
7
What is the remainder when 24359 is divided by 12149?
61
What is the remainder when 3982 is divided by 956?
158
Calculate the remainder when 2663 is divided by 58.
53
What is the remainder when 71307 is divided by 317?
299
What is the remainder when 708 is divided by 154?
92
What is the remainder when 1427 is divided by 1417?
10
Calculate the remainder when 40980 is divided by 20465.
50
Calculate the remainder when 12642 is divided by 4208.
18
What is the remainder when 217205 is divided by 54296?
21
What is the remainder when 274509 is divided by 168?
165
What is the remainder when 928 is divided by 97?
55
Calculate the remainder when 1103 is divided by 425.
253
What is the remainder when 8061100 is divided by 1193?
1192
Calculate the remainder when 68463 is divided by 158.
49
Calculate the remainder when 3981 is divided by 147.
12
What is the remainder when 34484 is divided by 243?
221
Calculate the remainder when 752072 is divided by 272.
264
What is the remainder when 551742 is divided by 1336?
1310
Calculate the remainder when 23655 is divided by 2628.
3
What is the remainder when 191069 is divided by 965?
964
What is the remainder when 342 is divided by 165?
12
Calculate the remainder when 16448 is divided by 516.
452
Calculate the remainder when 371510 is divided by 37.
30
What is the remainder when 4985 is divided by 384?
377
Calculate the remainder when 1392247 is divided by 88.
87
What is the remainder when 131841 is divided by 18832?
17
What is the remainder when 1203 is divided by 365?
108
What is the remainder when 7713 is divided by 292?
121
What is the remainder when 4024 is divided by 705?
499
Calculate the remainder when 84147 is divided by 187.
184
Calculate the remainder when 18330 is divided by 2991.
384
Calculate the remainder when 962 is divided by 819.
143
What is the remainder when 11130 is divided by 1853?
12
Calculate the remainder when 1503 is divided by 372.
15
Calculate the remainder when 850 is divided by 444.
406
Calculate the remainder when 245776 is divided by 13.
11
What is the remainder when 7050 is divided by 7047?
3
What is the remainder when 19840 is divided by 223?
216
What is the remainder when 619526 is divided by 193?
189
What is the remainder when 5042 is divided by 491?
132
Calculat